{"id":442,"date":"2018-07-31T22:09:03","date_gmt":"2018-07-31T22:09:03","guid":{"rendered":"http:\/\/raphstylograph.rparejo.eu\/?page_id=442"},"modified":"2019-12-09T17:18:48","modified_gmt":"2019-12-09T17:18:48","slug":"entre-chien-et-loup","status":"publish","type":"page","link":"https:\/\/raphstylograph.rparejo.eu\/?page_id=442","title":{"rendered":"Entre chien et loup"},"content":{"rendered":"\t\t<div data-elementor-type=\"wp-page\" data-elementor-id=\"442\" class=\"elementor elementor-442\">\n\t\t\t\t\t\t<section class=\"elementor-section elementor-top-section elementor-element elementor-element-7155e380 elementor-section-boxed elementor-section-height-default elementor-section-height-default\" data-id=\"7155e380\" data-element_type=\"section\" data-e-type=\"section\">\n\t\t\t\t\t\t<div class=\"elementor-container elementor-column-gap-default\">\n\t\t\t\t\t<div class=\"elementor-column elementor-col-50 elementor-top-column elementor-element elementor-element-75150dd4\" data-id=\"75150dd4\" data-element_type=\"column\" data-e-type=\"column\">\n\t\t\t<div class=\"elementor-widget-wrap elementor-element-populated\">\n\t\t\t\t\t\t<div class=\"elementor-element elementor-element-589adf11 elementor-invisible elementor-widget elementor-widget-image\" data-id=\"589adf11\" data-element_type=\"widget\" data-e-type=\"widget\" data-settings=\"{&quot;_animation&quot;:&quot;rotateInDownLeft&quot;}\" data-widget_type=\"image.default\">\n\t\t\t\t<div class=\"elementor-widget-container\">\n\t\t\t\t\t\t\t\t\t\t\t\t\t\t\t<img decoding=\"async\" src=\"https:\/\/raphstylograph.rparejo.eu\/wp-content\/uploads\/elementor\/thumbs\/Loup-gris-la-nuit_720x405pxl-ohxaahyb0e8lai62xxylqd2px167mlb489hd1yd2he.jpg\" title=\"Loup-gris-la-nuit_720x405pxl\" alt=\"Loup-gris-la-nuit_720x405pxl\" loading=\"lazy\" \/>\t\t\t\t\t\t\t\t\t\t\t\t\t\t\t<\/div>\n\t\t\t\t<\/div>\n\t\t\t\t\t<\/div>\n\t\t<\/div>\n\t\t\t\t<div class=\"elementor-column elementor-col-50 elementor-top-column elementor-element elementor-element-55b8eb41\" data-id=\"55b8eb41\" data-element_type=\"column\" data-e-type=\"column\">\n\t\t\t<div class=\"elementor-widget-wrap elementor-element-populated\">\n\t\t\t\t\t\t<div class=\"elementor-element elementor-element-1b517850 elementor-invisible elementor-widget elementor-widget-text-editor\" data-id=\"1b517850\" data-element_type=\"widget\" data-e-type=\"widget\" data-settings=\"{&quot;_animation&quot;:&quot;rotateInDownRight&quot;}\" data-widget_type=\"text-editor.default\">\n\t\t\t\t<div class=\"elementor-widget-container\">\n\t\t\t\t\t\t\t\t\t<p style=\"text-align: justify;\"><span style=\"font-size: 12pt;\"><em>\u00ab Entre chien et loup \u00bb <\/em>est une expression qui d\u00e9signe un moment tr\u00e8s pr\u00e9cis et pourtant ind\u00e9cis de la journ\u00e9e, d\u2019o\u00f9 son int\u00e9r\u00eat po\u00e9tique qui permet d\u2019introduire des ambig\u00fcit\u00e9s&#8230; Cette <strong>expression<\/strong> est tr\u00e8s ancienne. En fran\u00e7ais, elle date du XIII<sup>e<\/sup> si\u00e8cle. Elle d\u00e9signe la p\u00e9riode de fin de journ\u00e9e o\u00f9 la clart\u00e9 est telle qu&rsquo;on a du mal \u00e0 distinguer un <strong>chien<\/strong> d&rsquo;un <strong>loup<\/strong>. Un texte h\u00e9bra\u00efque du II<sup>e<\/sup> si\u00e8cle avant JC dit :<em> \u00ab\u00a0quand l&rsquo;homme ne peut distinguer le <strong>chien<\/strong> du <strong>loup\u00a0<\/strong><strong>\u00bb<\/strong>.<\/em><\/span><\/p>\t\t\t\t\t\t\t\t<\/div>\n\t\t\t\t<\/div>\n\t\t\t\t\t<\/div>\n\t\t<\/div>\n\t\t\t\t\t<\/div>\n\t\t<\/section>\n\t\t\t\t<section class=\"elementor-section elementor-top-section elementor-element elementor-element-4ea1f530 elementor-section-boxed elementor-section-height-default elementor-section-height-default\" data-id=\"4ea1f530\" data-element_type=\"section\" data-e-type=\"section\">\n\t\t\t\t\t\t<div class=\"elementor-container elementor-column-gap-default\">\n\t\t\t\t\t<div class=\"elementor-column elementor-col-100 elementor-top-column elementor-element elementor-element-3e96eaed\" data-id=\"3e96eaed\" data-element_type=\"column\" data-e-type=\"column\">\n\t\t\t<div class=\"elementor-widget-wrap elementor-element-populated\">\n\t\t\t\t\t\t<div class=\"elementor-element elementor-element-3b6de72c elementor-widget elementor-widget-text-editor\" data-id=\"3b6de72c\" data-element_type=\"widget\" data-e-type=\"widget\" data-widget_type=\"text-editor.default\">\n\t\t\t\t<div class=\"elementor-widget-container\">\n\t\t\t\t\t\t\t\t\t<p style=\"text-align: center;\"><span style=\"font-size: 12pt;\">Je vous laisse d\u00e9couvrir ce court texte, que j&rsquo;ai \u00e9crit au d\u00e9but des ann\u00e9es &rsquo;80 du si\u00e8cle pass\u00e9&#8230;<\/span><\/p>\t\t\t\t\t\t\t\t<\/div>\n\t\t\t\t<\/div>\n\t\t\t\t\t<\/div>\n\t\t<\/div>\n\t\t\t\t\t<\/div>\n\t\t<\/section>\n\t\t\t\t<section class=\"elementor-section elementor-top-section elementor-element elementor-element-4d55cf26 elementor-section-boxed elementor-section-height-default elementor-section-height-default\" data-id=\"4d55cf26\" data-element_type=\"section\" data-e-type=\"section\">\n\t\t\t\t\t\t<div class=\"elementor-container elementor-column-gap-default\">\n\t\t\t\t\t<div class=\"elementor-column elementor-col-100 elementor-top-column elementor-element elementor-element-3920aa3d\" data-id=\"3920aa3d\" data-element_type=\"column\" data-e-type=\"column\">\n\t\t\t<div class=\"elementor-widget-wrap elementor-element-populated\">\n\t\t\t\t\t\t<div class=\"elementor-element elementor-element-3e704893 elementor-widget elementor-widget-heading\" data-id=\"3e704893\" data-element_type=\"widget\" data-e-type=\"widget\" data-widget_type=\"heading.default\">\n\t\t\t\t<div class=\"elementor-widget-container\">\n\t\t\t\t\t<h2 class=\"elementor-heading-title elementor-size-default\">Entre chien et loup<\/h2>\t\t\t\t<\/div>\n\t\t\t\t<\/div>\n\t\t\t\t\t<\/div>\n\t\t<\/div>\n\t\t\t\t\t<\/div>\n\t\t<\/section>\n\t\t\t\t<section class=\"elementor-section elementor-top-section elementor-element elementor-element-632ebf1 elementor-section-boxed elementor-section-height-default elementor-section-height-default\" data-id=\"632ebf1\" data-element_type=\"section\" data-e-type=\"section\">\n\t\t\t\t\t\t<div class=\"elementor-container elementor-column-gap-default\">\n\t\t\t\t\t<div class=\"elementor-column elementor-col-33 elementor-top-column elementor-element elementor-element-4c2901\" data-id=\"4c2901\" data-element_type=\"column\" data-e-type=\"column\">\n\t\t\t<div class=\"elementor-widget-wrap\">\n\t\t\t\t\t\t\t<\/div>\n\t\t<\/div>\n\t\t\t\t<div class=\"elementor-column elementor-col-33 elementor-top-column elementor-element elementor-element-2fa1e04e\" data-id=\"2fa1e04e\" data-element_type=\"column\" data-e-type=\"column\">\n\t\t\t<div class=\"elementor-widget-wrap elementor-element-populated\">\n\t\t\t\t\t\t<div class=\"elementor-element elementor-element-75c388c7 elementor-widget elementor-widget-text-editor\" data-id=\"75c388c7\" data-element_type=\"widget\" data-e-type=\"widget\" data-widget_type=\"text-editor.default\">\n\t\t\t\t<div class=\"elementor-widget-container\">\n\t\t\t\t\t\t\t\t\t<p style=\"text-align: justify;\"><span style=\"font-size: 12pt; text-align: justify; text-indent: 0em; color: #ffffff;\">C&rsquo;est l&rsquo;heure o\u00f9 les ombres s&rsquo;allongent, r\u00e9v\u00e9lant les asp\u00e9rit\u00e9s secr\u00e8tes du paysage et l&rsquo;envers des visages que la lumi\u00e8re verticale et trop cruelle du jour occulte.<\/span><\/p><p style=\"text-align: justify;\"><span style=\"font-size: 12pt;\">\u2013 On ne sait plus trop \u00e0 qui l&rsquo;on a affaire : derri\u00e8re l&rsquo;oreille basse du chien soumis se profile en angle aigu l&rsquo;oreille sauvage \u2013<\/span><\/p><p style=\"text-align: justify;\"><span style=\"font-size: 12pt;\">C&rsquo;est l&rsquo;heure o\u00f9 le chien rentre chez son ma\u00eetre partager la s\u00e9curit\u00e9 fabriqu\u00e9e de l&rsquo;homme, et o\u00f9 le loup fr\u00e9missant attend l&rsquo;ordre myst\u00e9rieux pour jaillir de sa tani\u00e8re.<\/span><\/p><p style=\"text-align: justify;\"><span style=\"font-size: 12pt;\">C&rsquo;est l&rsquo;heure o\u00f9 les honn\u00eates gens se pressent vers la s\u00e9curit\u00e9 de leur bercail. Et celle o\u00f9 de jeunes hommes se parent de troublants atours nocturnes.<\/span><\/p><p style=\"text-align: justify;\"><span style=\"font-size: 12pt;\">C&rsquo;est l&rsquo;heure o\u00f9 mon regard devient vague, o\u00f9 dans mes yeux se mettent \u00e0 danser des lueurs de lune.<\/span><\/p>\t\t\t\t\t\t\t\t<\/div>\n\t\t\t\t<\/div>\n\t\t\t\t\t<\/div>\n\t\t<\/div>\n\t\t\t\t<div class=\"elementor-column elementor-col-33 elementor-top-column elementor-element elementor-element-3e210a24\" data-id=\"3e210a24\" data-element_type=\"column\" data-e-type=\"column\">\n\t\t\t<div class=\"elementor-widget-wrap\">\n\t\t\t\t\t\t\t<\/div>\n\t\t<\/div>\n\t\t\t\t\t<\/div>\n\t\t<\/section>\n\t\t\t\t<section class=\"elementor-section elementor-top-section elementor-element elementor-element-47fd6035 elementor-section-boxed elementor-section-height-default elementor-section-height-default\" data-id=\"47fd6035\" data-element_type=\"section\" data-e-type=\"section\">\n\t\t\t\t\t\t<div class=\"elementor-container elementor-column-gap-default\">\n\t\t\t\t\t<div class=\"elementor-column elementor-col-33 elementor-top-column elementor-element elementor-element-7e95a136\" data-id=\"7e95a136\" data-element_type=\"column\" data-e-type=\"column\">\n\t\t\t<div class=\"elementor-widget-wrap\">\n\t\t\t\t\t\t\t<\/div>\n\t\t<\/div>\n\t\t\t\t<div class=\"elementor-column elementor-col-33 elementor-top-column elementor-element elementor-element-5c9c5b4e\" data-id=\"5c9c5b4e\" data-element_type=\"column\" data-e-type=\"column\">\n\t\t\t<div class=\"elementor-widget-wrap elementor-element-populated\">\n\t\t\t\t\t\t<div class=\"elementor-element elementor-element-6c1602be elementor-invisible elementor-widget elementor-widget-image\" data-id=\"6c1602be\" data-element_type=\"widget\" data-e-type=\"widget\" data-settings=\"{&quot;_animation&quot;:&quot;rotateInDownLeft&quot;}\" data-widget_type=\"image.default\">\n\t\t\t\t<div class=\"elementor-widget-container\">\n\t\t\t\t\t\t\t\t\t\t\t\t\t\t\t<img decoding=\"async\" src=\"https:\/\/raphstylograph.rparejo.eu\/wp-content\/uploads\/2017\/09\/main-dhomme_patte-de-loup.jpg\" title=\"Main d&rsquo;homme et patte de loup\" alt=\"Main d&#039;homme et patte de loup\" loading=\"lazy\" \/>\t\t\t\t\t\t\t\t\t\t\t\t\t\t\t<\/div>\n\t\t\t\t<\/div>\n\t\t\t\t\t<\/div>\n\t\t<\/div>\n\t\t\t\t<div class=\"elementor-column elementor-col-33 elementor-top-column elementor-element elementor-element-77726747\" data-id=\"77726747\" data-element_type=\"column\" data-e-type=\"column\">\n\t\t\t<div class=\"elementor-widget-wrap\">\n\t\t\t\t\t\t\t<\/div>\n\t\t<\/div>\n\t\t\t\t\t<\/div>\n\t\t<\/section>\n\t\t\t\t<\/div>\n\t\t","protected":false},"excerpt":{"rendered":"<p>\u00ab Entre chien et loup \u00bb est une expression qui d\u00e9signe un moment tr\u00e8s pr\u00e9cis et pourtant ind\u00e9cis de la journ\u00e9e, d\u2019o\u00f9 son int\u00e9r\u00eat po\u00e9tique qui permet d\u2019introduire des ambig\u00fcit\u00e9s&#8230; Cette expression est tr\u00e8s ancienne. En fran\u00e7ais, elle date du XIIIe si\u00e8cle. Elle d\u00e9signe la p\u00e9riode de fin de journ\u00e9e o\u00f9 la clart\u00e9 est telle qu&rsquo;on a du mal \u00e0 distinguer un chien d&rsquo;un loup. Un texte h\u00e9bra\u00efque du IIe &hellip;<\/p>\n","protected":false},"author":1,"featured_media":0,"parent":0,"menu_order":2,"comment_status":"closed","ping_status":"closed","template":"","meta":{"footnotes":""},"class_list":["post-442","page","type-page","status-publish","hentry"],"yoast_head":"<!-- This site is optimized with the Yoast SEO plugin v27.5 - https:\/\/yoast.com\/product\/yoast-seo-wordpress\/ -->\n<title>Entre chien et loup - L&#039;\u00e9critoire de Rapha\u00ebl<\/title>\n<meta name=\"robots\" content=\"index, follow, max-snippet:-1, max-image-preview:large, max-video-preview:-1\" \/>\n<link rel=\"canonical\" href=\"https:\/\/raphstylograph.rparejo.eu\/?page_id=442\" \/>\n<meta property=\"og:locale\" content=\"fr_FR\" \/>\n<meta property=\"og:type\" content=\"article\" \/>\n<meta property=\"og:title\" content=\"Entre chien et loup - L&#039;\u00e9critoire de Rapha\u00ebl\" \/>\n<meta property=\"og:description\" content=\"\u00ab Entre chien et loup \u00bb est une expression qui d\u00e9signe un moment tr\u00e8s pr\u00e9cis et pourtant ind\u00e9cis de la journ\u00e9e, d\u2019o\u00f9 son int\u00e9r\u00eat po\u00e9tique qui permet d\u2019introduire des ambig\u00fcit\u00e9s&#8230; Cette expression est tr\u00e8s ancienne. En fran\u00e7ais, elle date du XIIIe si\u00e8cle. Elle d\u00e9signe la p\u00e9riode de fin de journ\u00e9e o\u00f9 la clart\u00e9 est telle qu&rsquo;on a du mal \u00e0 distinguer un chien d&rsquo;un loup. Un texte h\u00e9bra\u00efque du IIe &hellip;\" \/>\n<meta property=\"og:url\" content=\"https:\/\/raphstylograph.rparejo.eu\/?page_id=442\" \/>\n<meta property=\"og:site_name\" content=\"L&#039;\u00e9critoire de Rapha\u00ebl\" \/>\n<meta property=\"article:modified_time\" content=\"2019-12-09T17:18:48+00:00\" \/>\n<meta property=\"og:image\" content=\"https:\/\/raphstylograph.rparejo.eu\/wp-content\/uploads\/elementor\/thumbs\/Loup-gris-la-nuit_720x405pxl-ohxaahyb0e8lai62xxylqd2px167mlb489hcq1ovsw.jpg\" \/>\n<meta name=\"twitter:card\" content=\"summary_large_image\" \/>\n<meta name=\"twitter:label1\" content=\"Dur\u00e9e de lecture estim\u00e9e\" \/>\n\t<meta name=\"twitter:data1\" content=\"1 minute\" \/>\n<script type=\"application\/ld+json\" class=\"yoast-schema-graph\">{\"@context\":\"https:\\\/\\\/schema.org\",\"@graph\":[{\"@type\":\"WebPage\",\"@id\":\"https:\\\/\\\/raphstylograph.rparejo.eu\\\/?page_id=442\",\"url\":\"https:\\\/\\\/raphstylograph.rparejo.eu\\\/?page_id=442\",\"name\":\"Entre chien et loup - L&#039;\u00e9critoire de Rapha\u00ebl\",\"isPartOf\":{\"@id\":\"https:\\\/\\\/raphstylograph.rparejo.eu\\\/#website\"},\"primaryImageOfPage\":{\"@id\":\"https:\\\/\\\/raphstylograph.rparejo.eu\\\/?page_id=442#primaryimage\"},\"image\":{\"@id\":\"https:\\\/\\\/raphstylograph.rparejo.eu\\\/?page_id=442#primaryimage\"},\"thumbnailUrl\":\"https:\\\/\\\/raphstylograph.rparejo.eu\\\/wp-content\\\/uploads\\\/elementor\\\/thumbs\\\/Loup-gris-la-nuit_720x405pxl-ohxaahyb0e8lai62xxylqd2px167mlb489hcq1ovsw.jpg\",\"datePublished\":\"2018-07-31T22:09:03+00:00\",\"dateModified\":\"2019-12-09T17:18:48+00:00\",\"breadcrumb\":{\"@id\":\"https:\\\/\\\/raphstylograph.rparejo.eu\\\/?page_id=442#breadcrumb\"},\"inLanguage\":\"fr-FR\",\"potentialAction\":[{\"@type\":\"ReadAction\",\"target\":[\"https:\\\/\\\/raphstylograph.rparejo.eu\\\/?page_id=442\"]}]},{\"@type\":\"ImageObject\",\"inLanguage\":\"fr-FR\",\"@id\":\"https:\\\/\\\/raphstylograph.rparejo.eu\\\/?page_id=442#primaryimage\",\"url\":\"https:\\\/\\\/raphstylograph.rparejo.eu\\\/wp-content\\\/uploads\\\/elementor\\\/thumbs\\\/Loup-gris-la-nuit_720x405pxl-ohxaahyb0e8lai62xxylqd2px167mlb489hcq1ovsw.jpg\",\"contentUrl\":\"https:\\\/\\\/raphstylograph.rparejo.eu\\\/wp-content\\\/uploads\\\/elementor\\\/thumbs\\\/Loup-gris-la-nuit_720x405pxl-ohxaahyb0e8lai62xxylqd2px167mlb489hcq1ovsw.jpg\"},{\"@type\":\"BreadcrumbList\",\"@id\":\"https:\\\/\\\/raphstylograph.rparejo.eu\\\/?page_id=442#breadcrumb\",\"itemListElement\":[{\"@type\":\"ListItem\",\"position\":1,\"name\":\"Accueil\",\"item\":\"https:\\\/\\\/raphstylograph.rparejo.eu\\\/\"},{\"@type\":\"ListItem\",\"position\":2,\"name\":\"Entre chien et loup\"}]},{\"@type\":\"WebSite\",\"@id\":\"https:\\\/\\\/raphstylograph.rparejo.eu\\\/#website\",\"url\":\"https:\\\/\\\/raphstylograph.rparejo.eu\\\/\",\"name\":\"L&#039;\u00e9critoire de Rapha\u00ebl\",\"description\":\"Penser sans \u00e9crire, c&#039;est comme parler sans r\u00e9fl\u00e9chir\",\"potentialAction\":[{\"@type\":\"SearchAction\",\"target\":{\"@type\":\"EntryPoint\",\"urlTemplate\":\"https:\\\/\\\/raphstylograph.rparejo.eu\\\/?s={search_term_string}\"},\"query-input\":{\"@type\":\"PropertyValueSpecification\",\"valueRequired\":true,\"valueName\":\"search_term_string\"}}],\"inLanguage\":\"fr-FR\"}]}<\/script>\n<!-- \/ Yoast SEO plugin. -->","yoast_head_json":{"title":"Entre chien et loup - L&#039;\u00e9critoire de Rapha\u00ebl","robots":{"index":"index","follow":"follow","max-snippet":"max-snippet:-1","max-image-preview":"max-image-preview:large","max-video-preview":"max-video-preview:-1"},"canonical":"https:\/\/raphstylograph.rparejo.eu\/?page_id=442","og_locale":"fr_FR","og_type":"article","og_title":"Entre chien et loup - L&#039;\u00e9critoire de Rapha\u00ebl","og_description":"\u00ab Entre chien et loup \u00bb est une expression qui d\u00e9signe un moment tr\u00e8s pr\u00e9cis et pourtant ind\u00e9cis de la journ\u00e9e, d\u2019o\u00f9 son int\u00e9r\u00eat po\u00e9tique qui permet d\u2019introduire des ambig\u00fcit\u00e9s&#8230; Cette expression est tr\u00e8s ancienne. En fran\u00e7ais, elle date du XIIIe si\u00e8cle. Elle d\u00e9signe la p\u00e9riode de fin de journ\u00e9e o\u00f9 la clart\u00e9 est telle qu&rsquo;on a du mal \u00e0 distinguer un chien d&rsquo;un loup. Un texte h\u00e9bra\u00efque du IIe &hellip;","og_url":"https:\/\/raphstylograph.rparejo.eu\/?page_id=442","og_site_name":"L&#039;\u00e9critoire de Rapha\u00ebl","article_modified_time":"2019-12-09T17:18:48+00:00","og_image":[{"url":"https:\/\/raphstylograph.rparejo.eu\/wp-content\/uploads\/elementor\/thumbs\/Loup-gris-la-nuit_720x405pxl-ohxaahyb0e8lai62xxylqd2px167mlb489hcq1ovsw.jpg","type":"","width":"","height":""}],"twitter_card":"summary_large_image","twitter_misc":{"Dur\u00e9e de lecture estim\u00e9e":"1 minute"},"schema":{"@context":"https:\/\/schema.org","@graph":[{"@type":"WebPage","@id":"https:\/\/raphstylograph.rparejo.eu\/?page_id=442","url":"https:\/\/raphstylograph.rparejo.eu\/?page_id=442","name":"Entre chien et loup - L&#039;\u00e9critoire de Rapha\u00ebl","isPartOf":{"@id":"https:\/\/raphstylograph.rparejo.eu\/#website"},"primaryImageOfPage":{"@id":"https:\/\/raphstylograph.rparejo.eu\/?page_id=442#primaryimage"},"image":{"@id":"https:\/\/raphstylograph.rparejo.eu\/?page_id=442#primaryimage"},"thumbnailUrl":"https:\/\/raphstylograph.rparejo.eu\/wp-content\/uploads\/elementor\/thumbs\/Loup-gris-la-nuit_720x405pxl-ohxaahyb0e8lai62xxylqd2px167mlb489hcq1ovsw.jpg","datePublished":"2018-07-31T22:09:03+00:00","dateModified":"2019-12-09T17:18:48+00:00","breadcrumb":{"@id":"https:\/\/raphstylograph.rparejo.eu\/?page_id=442#breadcrumb"},"inLanguage":"fr-FR","potentialAction":[{"@type":"ReadAction","target":["https:\/\/raphstylograph.rparejo.eu\/?page_id=442"]}]},{"@type":"ImageObject","inLanguage":"fr-FR","@id":"https:\/\/raphstylograph.rparejo.eu\/?page_id=442#primaryimage","url":"https:\/\/raphstylograph.rparejo.eu\/wp-content\/uploads\/elementor\/thumbs\/Loup-gris-la-nuit_720x405pxl-ohxaahyb0e8lai62xxylqd2px167mlb489hcq1ovsw.jpg","contentUrl":"https:\/\/raphstylograph.rparejo.eu\/wp-content\/uploads\/elementor\/thumbs\/Loup-gris-la-nuit_720x405pxl-ohxaahyb0e8lai62xxylqd2px167mlb489hcq1ovsw.jpg"},{"@type":"BreadcrumbList","@id":"https:\/\/raphstylograph.rparejo.eu\/?page_id=442#breadcrumb","itemListElement":[{"@type":"ListItem","position":1,"name":"Accueil","item":"https:\/\/raphstylograph.rparejo.eu\/"},{"@type":"ListItem","position":2,"name":"Entre chien et loup"}]},{"@type":"WebSite","@id":"https:\/\/raphstylograph.rparejo.eu\/#website","url":"https:\/\/raphstylograph.rparejo.eu\/","name":"L&#039;\u00e9critoire de Rapha\u00ebl","description":"Penser sans \u00e9crire, c&#039;est comme parler sans r\u00e9fl\u00e9chir","potentialAction":[{"@type":"SearchAction","target":{"@type":"EntryPoint","urlTemplate":"https:\/\/raphstylograph.rparejo.eu\/?s={search_term_string}"},"query-input":{"@type":"PropertyValueSpecification","valueRequired":true,"valueName":"search_term_string"}}],"inLanguage":"fr-FR"}]}},"_links":{"self":[{"href":"https:\/\/raphstylograph.rparejo.eu\/index.php?rest_route=\/wp\/v2\/pages\/442","targetHints":{"allow":["GET"]}}],"collection":[{"href":"https:\/\/raphstylograph.rparejo.eu\/index.php?rest_route=\/wp\/v2\/pages"}],"about":[{"href":"https:\/\/raphstylograph.rparejo.eu\/index.php?rest_route=\/wp\/v2\/types\/page"}],"author":[{"embeddable":true,"href":"https:\/\/raphstylograph.rparejo.eu\/index.php?rest_route=\/wp\/v2\/users\/1"}],"replies":[{"embeddable":true,"href":"https:\/\/raphstylograph.rparejo.eu\/index.php?rest_route=%2Fwp%2Fv2%2Fcomments&post=442"}],"version-history":[{"count":2,"href":"https:\/\/raphstylograph.rparejo.eu\/index.php?rest_route=\/wp\/v2\/pages\/442\/revisions"}],"predecessor-version":[{"id":626,"href":"https:\/\/raphstylograph.rparejo.eu\/index.php?rest_route=\/wp\/v2\/pages\/442\/revisions\/626"}],"wp:attachment":[{"href":"https:\/\/raphstylograph.rparejo.eu\/index.php?rest_route=%2Fwp%2Fv2%2Fmedia&parent=442"}],"curies":[{"name":"wp","href":"https:\/\/api.w.org\/{rel}","templated":true}]}}